 l(y).
3, 5
Suppose -3*c + 56 + 22 = 0. List the prime factors of c.
2, 13
Let t(m) = m - 1. What are the prime factors of t(6)?
5
Let c = 18 - 5. Let l = c - 2. List the prime factors of l.
11
Let o(g) = -g**2 + g - 2. Let h be o(-2). What are the prime factors of (-16)/(-7) - h/(-28)?
2
Let t(o) be the third derivative of -o**6/120 - o**5/15 - o**4/4 - o**3 + o**2. Suppose 2*n + 4*y + 28 = 0, 0 = -5*y - 17 - 8. List the prime factors of t(n).
2, 3
Let u = 42 - 14. List the prime factors of u.
2, 7
Let l(u) = u**3 + u - 2*u**2 - 3 + 3. Let a be l(2). Suppose -10 - 4 = -a*z. What are the prime factors of z?
7
Suppose -2*r = 5*k - 451, k - 833 - 283 = -5*r. List the prime factors of r.
223
Suppose 5*d = 6*r - r + 60, -5*d + 63 = -2*r. Let v = -10 + d. List the prime factors of v.
3
Let m(v) = 3*v. Let c be m(1). Suppose -c*h - 2 = -5*h. What are the prime factors of 33/9 - h/(-3)?
2
Let p(l) = l**3 - 7*l**2 + 8*l - 12. What are the prime factors of p(7)?
2, 11
Suppose 10*l = -9*l + 1900. List the prime factors of l.
2, 5
Let m(r) = 6*r**3 - 2*r**2 + 2. Let j be m(-2). List the prime factors of (6 + -4)*j/(-4).
3
Let t = -5 - -8. Let b(s) be the third derivative of s**5/30 - s**4/6 - s**3/6 + s**2. What are the prime factors of b(t)?
5
Let k = -8 + 11. Let x be 48/26 - (-22)/143. What are the prime factors of (-1 - 0/x) + k?
2
Let t be -50*(2/(-1) + 3). Let i be t*(3/(-2) - -1). Suppose 2*d + 5*h = d - 17, -3*d = -4*h - i. What are the prime factors of d?
3
Suppose 0 = -104*z + 108*z - 564. List the prime factors of z.
3, 47
Let m(w) = 8*w. Suppose 5*p + 5 - 15 = 0. What are the prime factors of m(p)?
2
Let n = -61 + 2. Let i = 95 + n. List the prime factors of i.
2, 3
List the prime factors of (22/(-6))/((-12)/216).
2, 3, 11
Let w = 138 - 9. Let v = w + -76. What are the prime factors of v?
53
Suppose -16 = 4*d, -d - 3 = -v + 8. Let w = v - 2. Suppose 10*c - 9*c = w. What are the prime factors of c?
5
Let l = 8 - 9. Let p = l - 4. Let z = 11 + p. List the prime factors of z.
2, 3
Let s(k) = -67*k - 18. What are the prime factors of s(-3)?
3, 61
Suppose 0*p + 58 = -2*p. Let c = p - -85. Suppose -4*d - 16 + c = 0. List the prime factors of d.
2, 5
List the prime factors of (536/(-6))/(5*(-4)/30).
2, 67
Suppose -204 - 471 = -3*n. Suppose -4*r - r = -n. List the prime factors of r.
3, 5
Let k(n) = -n**2 - n**3 + 4 + n + 0*n**3 + 4. What are the prime factors of k(0)?
2
Let t = -4 + -2. Let w = -9 - t. What are the prime factors of (27 + w)*3/4?
2, 3
Let g = 4 - -1. What are the prime factors of (-2)/g - 441/(-15)?
29
Suppose l = p - 4, -2*l + 4*p = -p + 11. Let u = l - -29. What are the prime factors of u?
2, 13
List the prime factors of (-196)/(-11) + (-40)/(-220).
2, 3
Suppose 0 = -t + 6*t + 30. Let b = -9 - t. List the prime factors of (-2)/b + (-258)/(-18).
3, 5
Let y be (-2)/(1 + 15/(-12)). Suppose -k - y = -0*k. Let s = 3 - k. What are the prime factors of s?
11
Let q be 12/20 - (-3)/(-5). Suppose m - 2*m + 5*k - 11 = 0, k - 3 = q. What are the prime factors of m?
2
Let o be (-2)/(-4) - 2/4. Suppose 0*g - 2*g + 14 = o. What are the prime factors of g?
7
Suppose 4*t = -4*r - 24, 3*t - t + 5*r + 18 = 0. What are the prime factors of (t + 6)/((-2)/(-37))?
37
Let b = 8 + -3. Let v = b + 0. Suppose -x - 12 = -v*x. What are the prime factors of x?
3
Let a(t) = -t**3 - 7*t**2 + 7*t - 3. Let p be a(-8). Let b(g) = -g**2 + 5*g + 6. List the prime factors of b(p).
2, 3
Let s be 1 + (0 - -4 - 2). Suppose 5*u - 160 = -5*a, -3*a = -s*u + 2*u - 76. List the prime factors of a.
3
Suppose 11 - 36 = -5*m. Suppose -5*w + 3*w + m*u = -11, -w + 38 = 4*u. Suppose -w - 4 = -2*c. List the prime factors of c.
11
Let d(y) = -8*y - 6. Let t be d(-7). What are the prime factors of t/(-15)*(-12)/10?
2
Let w = -133 + 214. What are the prime factors of w?
3
Suppose 1 - 16 = -4*a - v, 2*a + v - 7 = 0. Let p = 22 + -16. List the prime factors of 20/3*p/a.
2, 5
Let j(o) = -o**2 + 5*o + 2. Let q = -5 + 5. Suppose -2*p + 6*p - 20 = q. What are the prime factors of j(p)?
2
Let h = 42 - -5. What are the prime factors of h?
47
Let b(m) = 6*m**3 + 2*m**2 + m - 1. Let t be b(2). Let g = t - 29. What are the prime factors of g?
2, 7
Let i(g) = -g**3 - 6*g**2 - 8*g - 3. Let s(p) = -p - 11. Let y be s(-6). What are the prime factors of i(y)?
2, 3
Suppose 0 = -0*b - b. Suppose b = -5*u + 39 + 16. List the prime factors of u.
11
Let j be ((-2)/4)/((-1)/6). Suppose 65 = -j*g + 8*g. What are the prime factors of g?
13
Suppose -o + 8 = 3*o. What are the prime factors of (-324)/(-16) + o/(-8)?
2, 5
Let i(w) = -w**3 - 17*w**2 + 14*w - 10. List the prime factors of i(-18).
2, 31
Suppose 2550 = 3*f + 7*f. What are the prime factors of f?
3, 5, 17
Suppose -4*m + n = -8, 3*m + 2*n - 25 = -2*n. Suppose -5*i = -m*o + 5 + 2, 2*o = 8. Suppose i = x - 1. List the prime factors of x.
2
Let p = -20 - -151. List the prime factors of p.
131
Let t(l) be the second derivative of 5*l**3/6 + l**2/2 - 4*l. Let z be t(1). Let n(m) = m + 1. List the prime factors of n(z).
7
Let y = 1 - -1. Let x(p) = p**3 + 2*p**2 + p. What are the prime factors of x(y)?
2, 3
Let l be 0/((-3)/(-6)*4). Let y = 16 - l. What are the prime factors of y?
2
Let h(x) = -17*x + 8. List the prime factors of h(-2).
2, 3, 7
Suppose -3*b + 84 = 3*p, 80 = 2*b + p + 24. List the prime factors of b.
2, 7
Suppose -3*v - v - 17 = -h, 2*h - 22 = 4*v. Let y(j) = -2*j + 2. Let z(a) = -3*a + 5. Let l(g) = -5*y(g) + 3*z(g). List the prime factors of l(h).
2, 5
Let c = 82 - -3. List the prime factors of c.
5, 17
List the prime factors of (-18)/(-45) + (-63)/(-5).
13
Let f(n) = 2*n - 1. Let q(x) = -x + 5 - 2 - 2. Let z(w) = -4*f(w) - 5*q(w). What are the prime factors of z(-1)?
2
Let i(h) = h**2 + h - 6. What are the prime factors of i(-4)?
2, 3
Let s = 15 - 15. Suppose s*p = -4*p - 20, 0 = 4*i - 2*p - 66. What are the prime factors of i?
2, 7
Let y = 8 + 19. Suppose y = 4*x + 7. Suppose w + w + 80 = x*o, -o + 4*w - 2 = 0. What are the prime factors of o?
2, 3
Let m = 54 - 20. Suppose -n + 5*p + 2 = -18, -3*n + 2*p + m = 0. List the prime factors of n.
2, 5
Let w = 7 - 12. Let s be (-73)/w - 4/(-10). What are the prime factors of s/10 - (-18)/4?
2, 3
Suppose -6 - 2 = 4*n. What are the prime factors of ((-12)/8 - 1)*n?
5
Let n(v) = 6*v**2 - 2*v + 6. Let c(l) = -l**2 + l - 1. Let g(z) = -5*c(z) - n(z). Let t be g(-3). What are the prime factors of -9*(-1)/t*-1?
3
Let j = 9 + -3. Let z = 128 + -89. Suppose -z = -5*q + j. List the prime factors of q.
3
Suppose 3*m = 5*m - 82. What are the prime factors of m?
41
Let p be (-3)/5 + 3/5. Suppose 3*l - 2*l - 22 = p. What are the prime factors of l?
2, 11
Let z(w) = 22*w**2 - 3*w - 2. What are the prime factors of z(2)?
2, 5
Suppose 0 = 2*k - 4 - 44. What are the prime factors of k?
2, 3
Let u(y) = -3*y**3 - 5*y**2 - 3*y + 2. Let d be u(-3). Suppose d = -0*c + c. List the prime factors of c.
47
Suppose -5*q - 404 = -9*q. List the prime factors of q.
101
Let g(f) = 69*f**2 - 2*f + 1. What are the prime factors of g(1)?
2, 17
Let b be (18/(-27))/((-2)/(-12)). Let o(j) be the third derivative of -j**4/8 + 2*j**3/3 - j**2. List the prime factors of o(b).
2
Let p(s) = -s**2 + 24*s + 20. What are the prime factors of p(17)?
139
List the prime factors of -4 - (-40)/(-4 + (-9)/(-2)).
2, 19
Let j(l) = -3*l + 3. Let k be j(5). Let v = 0 - k. List the prime factors of v.
2, 3
Let b(x) be the first derivative of -x**4/4 + 7*x**3/3 + 9*x + 3. List the prime factors of b(7).
3
Suppose -n + 14 = -20. List the prime factors of n.
2, 17
Let y(l) = l**2 - 7*l + 8. Let o be y(6). What are the prime factors of o + (-2)/(2/(-3))?
5
Suppose 1 = 2*r - 3. Suppose -r*w - w + 9 = 0. Suppose -5*q + 4*z + 43 = -w, 0 = 3*z + 12. What are the prime factors of q?
2, 3
Let f(i) = 7*i**2. Let v be f(-1). Suppose 0*s + v = s. List the prime factors of s.
7
Let g = -2 + -2. Let y = g - -6. List the prime factors of (-8 + y)/((-6)/8).
2
Let l(t) = 5*t**2 + t + 1. Let k be l(-1). Suppose 5*s - 4*i = 109, k*s - 3*i - 104 = -4*i. List the prime factors of s.
3, 7
Let f be 4/10 + (-46)/(-10). Suppose -2*k = -f*j - 0*k - 62, -4*j = 5*k + 43. Let w = j - -33. List the prime factors of w.
3, 7
Let q = 15 - -137. What are the prime factors of q?
2, 